{"id":8,"date":"2020-07-26T14:41:24","date_gmt":"2020-07-26T14:41:24","guid":{"rendered":"https:\/\/zurich.kinder-und-jugendfoerderung-wirkt.ch\/?page_id=8"},"modified":"2020-08-31T14:54:29","modified_gmt":"2020-08-31T14:54:29","slug":"akteure","status":"publish","type":"page","link":"https:\/\/kinder-und-jugendfoerderung-wirkt.ch\/zurich\/akteure\/","title":{"rendered":"Akteur*Innen"},"content":{"rendered":"\n<h1 class=\"wp-block-heading\"><s>A<\/s>kteur*innen<\/h1>\n\n\n\n<p class=\"has-kjw-text-large-font-size\">Kinder- und Jugendf\u00f6rderung im Kanton Z\u00fcrich wird in einer Vielzahl von Angeboten durch unterschiedliche Akteur*innen angeboten.<\/p>\n\n\n<style>\n\t.kjw-spacer-id-I2KWUFQX80 {\n\t\theight: 16px;\n\t}\n\t@media (min-width: 768px) {\n\t\t.kjw-spacer-id-I2KWUFQX80 {\n\t\t\theight: 56px;\n\t\t}\n\t}\n<\/style>\n<div class=\"kjw-spacer-block kjw-spacer-id-I2KWUFQX80\"><\/div>\n\n\n\n<h2 class=\"wp-block-heading\">Offene Kinder &#8211; und Jugendarbeit<\/h2>\n\n\n\n<div class=\"wp-block-image\"><figure class=\"alignleft size-large\"><img loading=\"lazy\" decoding=\"async\" width=\"734\" height=\"1024\" src=\"https:\/\/kinder-und-jugendfoerderung-wirkt.ch\/zurich\/wp-content\/uploads\/sites\/3\/2020\/08\/1-DJ-BOBO-1@2x-734x1024.png\" alt=\"\" class=\"wp-image-246\" srcset=\"https:\/\/kinder-und-jugendfoerderung-wirkt.ch\/zurich\/wp-content\/uploads\/sites\/3\/2020\/08\/1-DJ-BOBO-1@2x-734x1024.png 734w, https:\/\/kinder-und-jugendfoerderung-wirkt.ch\/zurich\/wp-content\/uploads\/sites\/3\/2020\/08\/1-DJ-BOBO-1@2x-215x300.png 215w, https:\/\/kinder-und-jugendfoerderung-wirkt.ch\/zurich\/wp-content\/uploads\/sites\/3\/2020\/08\/1-DJ-BOBO-1@2x-768x1072.png 768w, https:\/\/kinder-und-jugendfoerderung-wirkt.ch\/zurich\/wp-content\/uploads\/sites\/3\/2020\/08\/1-DJ-BOBO-1@2x.png 880w\" sizes=\"auto, (max-width: 734px) 100vw, 734px\" \/><\/figure><\/div>\n\n\n\n<p>Diese von Fachpersonen geleiteten Freizeit- und Bildungsangebote richten sich an alle Kinder und Jugendlichen einer Gemeinde und\/oder Region. Kinder und Jugendliche k\u00f6nnen die Angebote der Offenen Kinder- und<br>Jugendarbeit (u.a. Jugendzentren, -treffs, -h\u00e4user, mobile Jugendarbeit, Abenteuerspielpl\u00e4tze, mobile Spielaktionen, Jugendinformation) freiwillig, unverbindlich und selbstbestimmt nutzen. In manchen Gemeinden wird hierf\u00fcr der Begriff \u201esoziokulturelle Angebote\u201c verwendet (z.B.<br>Gemeinschaftszentren). Soziokulturelle Angebote richten sich nicht immer ausschliesslich an Kinder und Jugendliche. Tr\u00e4ger der Angebote der Offenen Kinder- und Jugendarbeit sind z.B. politische Gemeinden, Vereine, Kirchgemeinden oder Stiftungen.<\/p>\n\n\n<style>\n\t.kjw-spacer-id-6OGJRX1UE7 {\n\t\theight: 16px;\n\t}\n\t@media (min-width: 768px) {\n\t\t.kjw-spacer-id-6OGJRX1UE7 {\n\t\t\theight: 56px;\n\t\t}\n\t}\n<\/style>\n<div class=\"kjw-spacer-block kjw-spacer-id-6OGJRX1UE7\"><\/div>\n\n\n\n<h2 class=\"wp-block-heading\">Verbandliche Kinder &#8211; und Jugendarbeit<\/h2>\n\n\n\n<div class=\"wp-block-image\"><figure class=\"alignright size-large\"><img loading=\"lazy\" decoding=\"async\" width=\"723\" height=\"1024\" src=\"https:\/\/kinder-und-jugendfoerderung-wirkt.ch\/zurich\/wp-content\/uploads\/sites\/3\/2020\/08\/2-TALENTE-1@2x-723x1024.png\" alt=\"\" class=\"wp-image-247\" srcset=\"https:\/\/kinder-und-jugendfoerderung-wirkt.ch\/zurich\/wp-content\/uploads\/sites\/3\/2020\/08\/2-TALENTE-1@2x-723x1024.png 723w, https:\/\/kinder-und-jugendfoerderung-wirkt.ch\/zurich\/wp-content\/uploads\/sites\/3\/2020\/08\/2-TALENTE-1@2x-212x300.png 212w, https:\/\/kinder-und-jugendfoerderung-wirkt.ch\/zurich\/wp-content\/uploads\/sites\/3\/2020\/08\/2-TALENTE-1@2x-768x1088.png 768w, https:\/\/kinder-und-jugendfoerderung-wirkt.ch\/zurich\/wp-content\/uploads\/sites\/3\/2020\/08\/2-TALENTE-1@2x.png 874w\" sizes=\"auto, (max-width: 723px) 100vw, 723px\" \/><\/figure><\/div>\n\n\n\n<p>Diese Freizeitangebote f\u00fcr Kinder und Jugendliche werden von ehrenamtlich t\u00e4tigen Jugendlichen oder jungen Erwachsenen organisiert und durchgefu\u0308hrt (z.B. Pfadi, Jungwacht Blauring (Jubla), Cevi, BESJ). Damit stellt die Selbstorganisation ein wichtiges Merkmal der Kinder- und Jugendverbandsarbeit dar. Die Freizeitangebote sind auf Gemeindeebene oder regional in einzelnen Verbandsabteilungen organisiert, zus\u00e4tzlich bestehen Verbandsstrukturen auf kantonaler und\/oder nationaler Ebene. Die Nutzer*innen sind in der Regel Mitglieder des entsprechenden Verbands. Die Kinder- und Jugendverbandsarbeit wird im Rahmen dieses Programms als Teil der Kinder- und Jugendf\u00f6rderung verstanden, wenn zwei Bedingungen erf\u00fcllt sind: 1) die Angebote sind f\u00fcr alle Kinder und Jugendlichen offen; 2) das Freizeitangebot f\u00fcr Kinder und Jugendliche steht im Zentrum aller Aktivit\u00e4ten.<\/p>\n\n\n<style>\n\t.kjw-spacer-id-79Q340BDXW {\n\t\theight: 16px;\n\t}\n\t@media (min-width: 768px) {\n\t\t.kjw-spacer-id-79Q340BDXW {\n\t\t\theight: 56px;\n\t\t}\n\t}\n<\/style>\n<div class=\"kjw-spacer-block kjw-spacer-id-79Q340BDXW\"><\/div>\n\n\n\n<h2 class=\"wp-block-heading\">Andere Organisationen der Kinder &#8211; und jugendf\u00f6rderung<\/h2>\n\n\n\n<div class=\"wp-block-image\"><figure class=\"alignleft size-large\"><img loading=\"lazy\" decoding=\"async\" width=\"721\" height=\"1024\" src=\"https:\/\/kinder-und-jugendfoerderung-wirkt.ch\/zurich\/wp-content\/uploads\/sites\/3\/2020\/08\/3-FOODBALL-1@2x-721x1024.png\" alt=\"\" class=\"wp-image-248\" srcset=\"https:\/\/kinder-und-jugendfoerderung-wirkt.ch\/zurich\/wp-content\/uploads\/sites\/3\/2020\/08\/3-FOODBALL-1@2x-721x1024.png 721w, https:\/\/kinder-und-jugendfoerderung-wirkt.ch\/zurich\/wp-content\/uploads\/sites\/3\/2020\/08\/3-FOODBALL-1@2x-211x300.png 211w, https:\/\/kinder-und-jugendfoerderung-wirkt.ch\/zurich\/wp-content\/uploads\/sites\/3\/2020\/08\/3-FOODBALL-1@2x-768x1091.png 768w, https:\/\/kinder-und-jugendfoerderung-wirkt.ch\/zurich\/wp-content\/uploads\/sites\/3\/2020\/08\/3-FOODBALL-1@2x.png 876w\" sizes=\"auto, (max-width: 721px) 100vw, 721px\" \/><\/figure><\/div>\n\n\n\n<p><strong>Angebote von Freizeitvereinen <\/strong><br>Freizeitvereine richten sich in aller Regel mit einer spezifischen Freizeitt\u00e4tigkeit an interessierte Kinder und Jugendliche (z.B. Fussballverein, Turnverein, Musikverein). Diese Angebote werden meist von ehrenamtlich engagierten Personen organisiert und durchgef\u00fchrt. Die Angebote weisen einen ausgepr\u00e4gten lokalen Bezug auf, es existieren selten gemeinde- oder kantons\u00fcbergreifende Organisationsstrukturen. Tr\u00e4ger dieser Angebote sind lokal verankerte Vereine, welche sich durch Mitgliederbeitr\u00e4ge finanzieren und vereinzelt auch von den politischen Gemeinden unterst\u00fctzt werden. Angebote von Freizeitvereinen werden im Rahmen dieses Programms als Teil der Kinder- und Jugendf\u00f6rderung verstanden, wenn die Angebote allen Kindern und Jugendlichen offenstehen.<\/p>\n\n\n\n<p><strong>Angebote von regionalen und\/oder kantonalen Fachorganisationen und<br>Fachstellen im Bereich der Kinder- und Jugendf\u00f6rderung<\/strong><br>Fachorganisationen auf regionaler und\/oder kantonaler Ebene bieten auf Gemeindeebene diverse F\u00f6rderangebote f\u00fcr Kinder und Jugendliche an (z.B. Sportangebote, Jugendinformation, Ferienpass). Dazu geh\u00f6ren z.B. Stiftungen und Vereine wie Pro Juventute, ide\u00e9 sport, infoklick.ch etc., welche sowohl regional und\/oder kantonal als auch national organisiert sind. Des Weiteren sind kantonale Fachstellen (z.B. Kinder- und Jugendbeauftragte, Fachstelle Gesundheitsf\u00f6rderung) wichtige Bindeglieder zwischen den Gemeinden, Kantonen und der nationaler Ebene (z.B. Konferenz f\u00fcr Kinder- und Jugendpolitik (KKJP)) . Die Fachstellen unterst\u00fczen und beraten einzelne Gemeinden.<\/p>\n\n\n\n<div class=\"wp-block-image\"><figure class=\"alignright size-large\"><img loading=\"lazy\" decoding=\"async\" width=\"722\" height=\"1024\" src=\"https:\/\/kinder-und-jugendfoerderung-wirkt.ch\/zurich\/wp-content\/uploads\/sites\/3\/2020\/08\/4-CAMERA-1@2x-722x1024.png\" alt=\"\" class=\"wp-image-249\" srcset=\"https:\/\/kinder-und-jugendfoerderung-wirkt.ch\/zurich\/wp-content\/uploads\/sites\/3\/2020\/08\/4-CAMERA-1@2x-722x1024.png 722w, https:\/\/kinder-und-jugendfoerderung-wirkt.ch\/zurich\/wp-content\/uploads\/sites\/3\/2020\/08\/4-CAMERA-1@2x-212x300.png 212w, https:\/\/kinder-und-jugendfoerderung-wirkt.ch\/zurich\/wp-content\/uploads\/sites\/3\/2020\/08\/4-CAMERA-1@2x-768x1089.png 768w, https:\/\/kinder-und-jugendfoerderung-wirkt.ch\/zurich\/wp-content\/uploads\/sites\/3\/2020\/08\/4-CAMERA-1@2x.png 876w\" sizes=\"auto, (max-width: 722px) 100vw, 722px\" \/><\/figure><\/div>\n\n\n\n<p><strong>Angebote zur Beteiligung von Kindern und Jugendlichen<\/strong><br>Die beiden kinder- und jugendpolitischen S\u00e4ulen &#171;F\u00f6rderung&#187; und &#171;Beteiligung&#187; sind eng miteinander verzahnt. Es wird davon ausgegangen, dass die Beteiligung von Kindern und Jugendlichen auf Gemeindeebene ausserhalb von Schule und Familie Teil von Kinder- und Jugendf\u00f6rderung ist. Auf Gemeindeebene kann zwischen kommunaler politischer Beteiligung (z.B. Kinder- und Jugendparlamente, Mitwirkungstage), sozialraumbezogenen Formen der Beteiligung (z.B. Gestaltung von Freizeitorten) sowie angebotsbezogener Beteiligung (z.B. in Kinder- und Jugendverb\u00e4nden oder der Offenen Kinder- und Jugendarbeit) unterschieden werden. Organisiert werden solche Angebote entweder von Akteur*innen auf Gemeindeebene (z.B. Politik, Offene Kinder- und Jugendarbeit, kommunale Kinder- und Jugendbeauftragte, Schulen) und\/oder von kantonalen resp. nationalen Fachorganisationen (z.B. Unicef-Label \u201ekinderfreundliche Gemeinde\u201c, infoklick.ch: JugendMitWirkung, Dachverband der Schweizer Jugendparlamente). Angebote zur Beteiligung f\u00fcr Kinder und Jugendliche k\u00f6nnen auch auf kantonaler Ebene existieren (z.B. kantonale Jugendparlamente).<\/p>\n\n\n\n<p><strong>Kinder- und Jugendf\u00f6rderstrukturen auf Gemeindeebene<\/strong> <br>Ein Element der Kinder- und Jugendf\u00f6rderung ist deren strukturelle Organisation und Verankerung. Die strukturelle Organisation der Kinder- und Jugendf\u00f6rderung beeinflusst in hohem Mass, ob Bedarfe erkannt und auf sie reagiert werden kann. Zentrale Akteur*innen der Kinder- und Jugendf\u00f6rderung auf Ebene der politischen Gemeindesind beispielsweise der Gemeinderat, eine Kinder- und Jugendkommission oder die zust\u00e4ndigen Personen in der Gemeindeverwaltung (z.B. kommunale Kinder- und Jugendbeauftragte). Zentral sind nebst diesen Akteuren auch<br>Zusammenarbeits- und Vernetzungsstrukturen, Planungs- und Steuerungsprozesse von Diensten, Leistungen und Angeboten.<\/p>\n\n\n<style>\n\t.kjw-spacer-id-FQHJ827PNY {\n\t\theight: 16px;\n\t}\n\t@media (min-width: 768px) {\n\t\t.kjw-spacer-id-FQHJ827PNY {\n\t\t\theight: 56px;\n\t\t}\n\t}\n<\/style>\n<div class=\"kjw-spacer-block kjw-spacer-id-FQHJ827PNY\"><\/div>\n\n\n\n<div class=\"wp-block-image\"><figure class=\"alignleft size-large is-resized\"><img loading=\"lazy\" decoding=\"async\" src=\"https:\/\/kinder-und-jugendfoerderung-wirkt.ch\/zurich\/wp-content\/uploads\/sites\/3\/2020\/08\/KJW-logo-zh-1.png\" alt=\"\" class=\"wp-image-580\" width=\"213\" height=\"209\" srcset=\"https:\/\/kinder-und-jugendfoerderung-wirkt.ch\/zurich\/wp-content\/uploads\/sites\/3\/2020\/08\/KJW-logo-zh-1.png 426w, https:\/\/kinder-und-jugendfoerderung-wirkt.ch\/zurich\/wp-content\/uploads\/sites\/3\/2020\/08\/KJW-logo-zh-1-300x294.png 300w\" sizes=\"auto, (max-width: 213px) 100vw, 213px\" \/><\/figure><\/div>\n","protected":false},"excerpt":{"rendered":"<p>Akteur*innen Kinder- und Jugendf\u00f6rderung im Kanton Z\u00fcrich wird in einer Vielzahl von Angeboten durch unterschiedliche Akteur*innen angeboten. Offene Kinder &#8211; und Jugendarbeit Diese von Fachpersonen geleiteten Freizeit- und Bildungsangebote richten sich an alle Kinder und Jugendlichen einer Gemeinde und\/oder Region. Kinder und Jugendliche k\u00f6nnen die Angebote der Offenen Kinder- undJugendarbeit (u.a. Jugendzentren, -treffs, -h\u00e4user, mobile [&hellip;]<\/p>\n","protected":false},"author":1,"featured_media":0,"parent":0,"menu_order":0,"comment_status":"closed","ping_status":"closed","template":"","meta":{"_acf_changed":false,"footnotes":""},"class_list":["post-8","page","type-page","status-publish","hentry"],"acf":[],"yoast_head":"<!-- This site is optimized with the Yoast SEO plugin v25.2 - https:\/\/yoast.com\/wordpress\/plugins\/seo\/ -->\n<title>Akteur*Innen - Z\u00fcrich - Kinder und Jugendf\u00f6rderung wirkt<\/title>\n<meta name=\"robots\" content=\"index, follow, max-snippet:-1, max-image-preview:large, max-video-preview:-1\" \/>\n<link rel=\"canonical\" href=\"https:\/\/kinder-und-jugendfoerderung-wirkt.ch\/zurich\/akteure\/\" \/>\n<meta property=\"og:locale\" content=\"de_DE\" \/>\n<meta property=\"og:type\" content=\"article\" \/>\n<meta property=\"og:title\" content=\"Akteur*Innen - Z\u00fcrich - Kinder und Jugendf\u00f6rderung wirkt\" \/>\n<meta property=\"og:description\" content=\"Akteur*innen Kinder- und Jugendf\u00f6rderung im Kanton Z\u00fcrich wird in einer Vielzahl von Angeboten durch unterschiedliche Akteur*innen angeboten. Offene Kinder &#8211; und Jugendarbeit Diese von Fachpersonen geleiteten Freizeit- und Bildungsangebote richten sich an alle Kinder und Jugendlichen einer Gemeinde und\/oder Region. Kinder und Jugendliche k\u00f6nnen die Angebote der Offenen Kinder- undJugendarbeit (u.a. Jugendzentren, -treffs, -h\u00e4user, mobile [&hellip;]\" \/>\n<meta property=\"og:url\" content=\"https:\/\/kinder-und-jugendfoerderung-wirkt.ch\/zurich\/akteure\/\" \/>\n<meta property=\"og:site_name\" content=\"Z\u00fcrich - Kinder und Jugendf\u00f6rderung wirkt\" \/>\n<meta property=\"article:modified_time\" content=\"2020-08-31T14:54:29+00:00\" \/>\n<meta property=\"og:image\" content=\"https:\/\/kinder-und-jugendfoerderung-wirkt.ch\/zurich\/wp-content\/uploads\/sites\/3\/2020\/08\/1-DJ-BOBO-1@2x-734x1024.png\" \/>\n<meta name=\"twitter:card\" content=\"summary_large_image\" \/>\n<meta name=\"twitter:label1\" content=\"Gesch\u00e4tzte Lesezeit\" \/>\n\t<meta name=\"twitter:data1\" content=\"3\u00a0Minuten\" \/>\n<script type=\"application\/ld+json\" class=\"yoast-schema-graph\">{\"@context\":\"https:\/\/schema.org\",\"@graph\":[{\"@type\":\"WebPage\",\"@id\":\"https:\/\/kinder-und-jugendfoerderung-wirkt.ch\/zurich\/akteure\/\",\"url\":\"https:\/\/kinder-und-jugendfoerderung-wirkt.ch\/zurich\/akteure\/\",\"name\":\"Akteur*Innen - Z\u00fcrich - Kinder und Jugendf\u00f6rderung wirkt\",\"isPartOf\":{\"@id\":\"https:\/\/kinder-und-jugendfoerderung-wirkt.ch\/zurich\/#website\"},\"primaryImageOfPage\":{\"@id\":\"https:\/\/kinder-und-jugendfoerderung-wirkt.ch\/zurich\/akteure\/#primaryimage\"},\"image\":{\"@id\":\"https:\/\/kinder-und-jugendfoerderung-wirkt.ch\/zurich\/akteure\/#primaryimage\"},\"thumbnailUrl\":\"https:\/\/kinder-und-jugendfoerderung-wirkt.ch\/zurich\/wp-content\/uploads\/sites\/3\/2020\/08\/1-DJ-BOBO-1@2x-734x1024.png\",\"datePublished\":\"2020-07-26T14:41:24+00:00\",\"dateModified\":\"2020-08-31T14:54:29+00:00\",\"breadcrumb\":{\"@id\":\"https:\/\/kinder-und-jugendfoerderung-wirkt.ch\/zurich\/akteure\/#breadcrumb\"},\"inLanguage\":\"de-CH\",\"potentialAction\":[{\"@type\":\"ReadAction\",\"target\":[\"https:\/\/kinder-und-jugendfoerderung-wirkt.ch\/zurich\/akteure\/\"]}]},{\"@type\":\"ImageObject\",\"inLanguage\":\"de-CH\",\"@id\":\"https:\/\/kinder-und-jugendfoerderung-wirkt.ch\/zurich\/akteure\/#primaryimage\",\"url\":\"https:\/\/kinder-und-jugendfoerderung-wirkt.ch\/zurich\/wp-content\/uploads\/sites\/3\/2020\/08\/1-DJ-BOBO-1@2x.png\",\"contentUrl\":\"https:\/\/kinder-und-jugendfoerderung-wirkt.ch\/zurich\/wp-content\/uploads\/sites\/3\/2020\/08\/1-DJ-BOBO-1@2x.png\",\"width\":880,\"height\":1228},{\"@type\":\"BreadcrumbList\",\"@id\":\"https:\/\/kinder-und-jugendfoerderung-wirkt.ch\/zurich\/akteure\/#breadcrumb\",\"itemListElement\":[{\"@type\":\"ListItem\",\"position\":1,\"name\":\"Home\",\"item\":\"https:\/\/kinder-und-jugendfoerderung-wirkt.ch\/zurich\/\"},{\"@type\":\"ListItem\",\"position\":2,\"name\":\"Akteur*Innen\"}]},{\"@type\":\"WebSite\",\"@id\":\"https:\/\/kinder-und-jugendfoerderung-wirkt.ch\/zurich\/#website\",\"url\":\"https:\/\/kinder-und-jugendfoerderung-wirkt.ch\/zurich\/\",\"name\":\"Z\u00fcrich - Kinder und Jugendf\u00f6rderung wirkt\",\"description\":\"Just another Kinder und Jugendf\u00f6rderung wirkt Sites site\",\"potentialAction\":[{\"@type\":\"SearchAction\",\"target\":{\"@type\":\"EntryPoint\",\"urlTemplate\":\"https:\/\/kinder-und-jugendfoerderung-wirkt.ch\/zurich\/?s={search_term_string}\"},\"query-input\":{\"@type\":\"PropertyValueSpecification\",\"valueRequired\":true,\"valueName\":\"search_term_string\"}}],\"inLanguage\":\"de-CH\"}]}<\/script>\n<!-- \/ Yoast SEO plugin. -->","yoast_head_json":{"title":"Akteur*Innen - Z\u00fcrich - Kinder und Jugendf\u00f6rderung wirkt","robots":{"index":"index","follow":"follow","max-snippet":"max-snippet:-1","max-image-preview":"max-image-preview:large","max-video-preview":"max-video-preview:-1"},"canonical":"https:\/\/kinder-und-jugendfoerderung-wirkt.ch\/zurich\/akteure\/","og_locale":"de_DE","og_type":"article","og_title":"Akteur*Innen - Z\u00fcrich - Kinder und Jugendf\u00f6rderung wirkt","og_description":"Akteur*innen Kinder- und Jugendf\u00f6rderung im Kanton Z\u00fcrich wird in einer Vielzahl von Angeboten durch unterschiedliche Akteur*innen angeboten. Offene Kinder &#8211; und Jugendarbeit Diese von Fachpersonen geleiteten Freizeit- und Bildungsangebote richten sich an alle Kinder und Jugendlichen einer Gemeinde und\/oder Region. Kinder und Jugendliche k\u00f6nnen die Angebote der Offenen Kinder- undJugendarbeit (u.a. Jugendzentren, -treffs, -h\u00e4user, mobile [&hellip;]","og_url":"https:\/\/kinder-und-jugendfoerderung-wirkt.ch\/zurich\/akteure\/","og_site_name":"Z\u00fcrich - Kinder und Jugendf\u00f6rderung wirkt","article_modified_time":"2020-08-31T14:54:29+00:00","og_image":[{"url":"https:\/\/kinder-und-jugendfoerderung-wirkt.ch\/zurich\/wp-content\/uploads\/sites\/3\/2020\/08\/1-DJ-BOBO-1@2x-734x1024.png","type":"","width":"","height":""}],"twitter_card":"summary_large_image","twitter_misc":{"Gesch\u00e4tzte Lesezeit":"3\u00a0Minuten"},"schema":{"@context":"https:\/\/schema.org","@graph":[{"@type":"WebPage","@id":"https:\/\/kinder-und-jugendfoerderung-wirkt.ch\/zurich\/akteure\/","url":"https:\/\/kinder-und-jugendfoerderung-wirkt.ch\/zurich\/akteure\/","name":"Akteur*Innen - Z\u00fcrich - Kinder und Jugendf\u00f6rderung wirkt","isPartOf":{"@id":"https:\/\/kinder-und-jugendfoerderung-wirkt.ch\/zurich\/#website"},"primaryImageOfPage":{"@id":"https:\/\/kinder-und-jugendfoerderung-wirkt.ch\/zurich\/akteure\/#primaryimage"},"image":{"@id":"https:\/\/kinder-und-jugendfoerderung-wirkt.ch\/zurich\/akteure\/#primaryimage"},"thumbnailUrl":"https:\/\/kinder-und-jugendfoerderung-wirkt.ch\/zurich\/wp-content\/uploads\/sites\/3\/2020\/08\/1-DJ-BOBO-1@2x-734x1024.png","datePublished":"2020-07-26T14:41:24+00:00","dateModified":"2020-08-31T14:54:29+00:00","breadcrumb":{"@id":"https:\/\/kinder-und-jugendfoerderung-wirkt.ch\/zurich\/akteure\/#breadcrumb"},"inLanguage":"de-CH","potentialAction":[{"@type":"ReadAction","target":["https:\/\/kinder-und-jugendfoerderung-wirkt.ch\/zurich\/akteure\/"]}]},{"@type":"ImageObject","inLanguage":"de-CH","@id":"https:\/\/kinder-und-jugendfoerderung-wirkt.ch\/zurich\/akteure\/#primaryimage","url":"https:\/\/kinder-und-jugendfoerderung-wirkt.ch\/zurich\/wp-content\/uploads\/sites\/3\/2020\/08\/1-DJ-BOBO-1@2x.png","contentUrl":"https:\/\/kinder-und-jugendfoerderung-wirkt.ch\/zurich\/wp-content\/uploads\/sites\/3\/2020\/08\/1-DJ-BOBO-1@2x.png","width":880,"height":1228},{"@type":"BreadcrumbList","@id":"https:\/\/kinder-und-jugendfoerderung-wirkt.ch\/zurich\/akteure\/#breadcrumb","itemListElement":[{"@type":"ListItem","position":1,"name":"Home","item":"https:\/\/kinder-und-jugendfoerderung-wirkt.ch\/zurich\/"},{"@type":"ListItem","position":2,"name":"Akteur*Innen"}]},{"@type":"WebSite","@id":"https:\/\/kinder-und-jugendfoerderung-wirkt.ch\/zurich\/#website","url":"https:\/\/kinder-und-jugendfoerderung-wirkt.ch\/zurich\/","name":"Z\u00fcrich - Kinder und Jugendf\u00f6rderung wirkt","description":"Just another Kinder und Jugendf\u00f6rderung wirkt Sites site","potentialAction":[{"@type":"SearchAction","target":{"@type":"EntryPoint","urlTemplate":"https:\/\/kinder-und-jugendfoerderung-wirkt.ch\/zurich\/?s={search_term_string}"},"query-input":{"@type":"PropertyValueSpecification","valueRequired":true,"valueName":"search_term_string"}}],"inLanguage":"de-CH"}]}},"_links":{"self":[{"href":"https:\/\/kinder-und-jugendfoerderung-wirkt.ch\/zurich\/wp-json\/wp\/v2\/pages\/8","targetHints":{"allow":["GET"]}}],"collection":[{"href":"https:\/\/kinder-und-jugendfoerderung-wirkt.ch\/zurich\/wp-json\/wp\/v2\/pages"}],"about":[{"href":"https:\/\/kinder-und-jugendfoerderung-wirkt.ch\/zurich\/wp-json\/wp\/v2\/types\/page"}],"author":[{"embeddable":true,"href":"https:\/\/kinder-und-jugendfoerderung-wirkt.ch\/zurich\/wp-json\/wp\/v2\/users\/1"}],"replies":[{"embeddable":true,"href":"https:\/\/kinder-und-jugendfoerderung-wirkt.ch\/zurich\/wp-json\/wp\/v2\/comments?post=8"}],"version-history":[{"count":36,"href":"https:\/\/kinder-und-jugendfoerderung-wirkt.ch\/zurich\/wp-json\/wp\/v2\/pages\/8\/revisions"}],"predecessor-version":[{"id":718,"href":"https:\/\/kinder-und-jugendfoerderung-wirkt.ch\/zurich\/wp-json\/wp\/v2\/pages\/8\/revisions\/718"}],"wp:attachment":[{"href":"https:\/\/kinder-und-jugendfoerderung-wirkt.ch\/zurich\/wp-json\/wp\/v2\/media?parent=8"}],"curies":[{"name":"wp","href":"https:\/\/api.w.org\/{rel}","templated":true}]}}