{"version":"1.0","provider_name":"Z\u00fcrich - Kinder und Jugendf\u00f6rderung wirkt","provider_url":"https:\/\/kinder-und-jugendfoerderung-wirkt.ch\/zurich","author_name":"Pixoff","author_url":"https:\/\/kinder-und-jugendfoerderung-wirkt.ch\/zurich\/author\/pixoff_admin\/","title":"Jungsichtbar, M\u00e4nnedorf - Z\u00fcrich - Kinder und Jugendf\u00f6rderung wirkt","type":"rich","width":600,"height":338,"html":"<blockquote class=\"wp-embedded-content\" data-secret=\"dnDwTA4dkw\"><a href=\"https:\/\/kinder-und-jugendfoerderung-wirkt.ch\/zurich\/event\/jungsichtbar-mannedorf\/\">Jungsichtbar, M\u00e4nnedorf<\/a><\/blockquote><iframe sandbox=\"allow-scripts\" security=\"restricted\" src=\"https:\/\/kinder-und-jugendfoerderung-wirkt.ch\/zurich\/event\/jungsichtbar-mannedorf\/embed\/#?secret=dnDwTA4dkw\" width=\"600\" height=\"338\" title=\"&#171;Jungsichtbar, M\u00e4nnedorf&#187; &#8211; Z\u00fcrich - Kinder und Jugendf\u00f6rderung wirkt\" data-secret=\"dnDwTA4dkw\" frameborder=\"0\" marginwidth=\"0\" marginheight=\"0\" scrolling=\"no\" class=\"wp-embedded-content\"><\/iframe><script type=\"text\/javascript\">\n\/* <![CDATA[ *\/\n\/*! This file is auto-generated *\/\n!function(d,l){\"use strict\";l.querySelector&&d.addEventListener&&\"undefined\"!=typeof URL&&(d.wp=d.wp||{},d.wp.receiveEmbedMessage||(d.wp.receiveEmbedMessage=function(e){var t=e.data;if((t||t.secret||t.message||t.value)&&!\/[^a-zA-Z0-9]\/.test(t.secret)){for(var s,r,n,a=l.querySelectorAll('iframe[data-secret=\"'+t.secret+'\"]'),o=l.querySelectorAll('blockquote[data-secret=\"'+t.secret+'\"]'),c=new RegExp(\"^https?:$\",\"i\"),i=0;i<o.length;i++)o[i].style.display=\"none\";for(i=0;i<a.length;i++)s=a[i],e.source===s.contentWindow&&(s.removeAttribute(\"style\"),\"height\"===t.message?(1e3<(r=parseInt(t.value,10))?r=1e3:~~r<200&&(r=200),s.height=r):\"link\"===t.message&&(r=new URL(s.getAttribute(\"src\")),n=new URL(t.value),c.test(n.protocol))&&n.host===r.host&&l.activeElement===s&&(d.top.location.href=t.value))}},d.addEventListener(\"message\",d.wp.receiveEmbedMessage,!1),l.addEventListener(\"DOMContentLoaded\",function(){for(var e,t,s=l.querySelectorAll(\"iframe.wp-embedded-content\"),r=0;r<s.length;r++)(t=(e=s[r]).getAttribute(\"data-secret\"))||(t=Math.random().toString(36).substring(2,12),e.src+=\"#?secret=\"+t,e.setAttribute(\"data-secret\",t)),e.contentWindow.postMessage({message:\"ready\",secret:t},\"*\")},!1)))}(window,document);\n\/* ]]> *\/\n<\/script>\n","description":"Rund 20 Jugendliche aus M\u00e4nnedorf machten sich am Freitag, den 29. Mai 2015 an der Guerilla-Aktion \u201eJungsichtbar\u201c am Bahnhof M\u00e4nnedorf sichtbar und trotzten damit dem g\u00e4ngigen Bild der heutigen Jugend.Die Jugendlichen, im Alter zwischen 12 und 20 Jahren, organisierten sich in Projektgruppen und koordinierten mit Hilfe der Jugendarbeit M\u00e4nnedorf die einzelnen Aktionen. Zu den Angeboten [&hellip;]"}

Zürich - Kinder und Jugendförderung wirkt

Jungsichtbar, Männedorf - Zürich - Kinder und Jugendförderung wirkt

<blockquote class="wp-embedded-content" data-secret="dnDwTA4dkw"><a href="https://kinder-und-jugendfoerderung-wirkt.ch/zurich/event/jungsichtbar-mannedorf/">Jungsichtbar, Männedorf</a></blockquote><iframe sandbox="allow-scripts" security="restricted" src="https://kinder-und-jugendfoerderung-wirkt.ch/zurich/event/jungsichtbar-mannedorf/embed/#?secret=dnDwTA4dkw" width="600" height="338" title="&#171;Jungsichtbar, Männedorf&#187; &#8211; Zürich - Kinder und Jugendförderung wirkt" data-secret="dnDwTA4dkw" frameborder="0" marginwidth="0" marginheight="0" scrolling="no" class="wp-embedded-content"></iframe><script type="text/javascript">
/* <![CDATA[ */
/*! This file is auto-generated */
!function(d,l){"use strict";l.querySelector&&d.addEventListener&&"undefined"!=typeof URL&&(d.wp=d.wp||{},d.wp.receiveEmbedMessage||(d.wp.receiveEmbedMessage=function(e){var t=e.data;if((t||t.secret||t.message||t.value)&&!/[^a-zA-Z0-9]/.test(t.secret)){for(var s,r,n,a=l.querySelectorAll('iframe[data-secret="'+t.secret+'"]'),o=l.querySelectorAll('blockquote[data-secret="'+t.secret+'"]'),c=new RegExp("^https?:$","i"),i=0;i<o.length;i++)o[i].style.display="none";for(i=0;i<a.length;i++)s=a[i],e.source===s.contentWindow&&(s.removeAttribute("style"),"height"===t.message?(1e3<(r=parseInt(t.value,10))?r=1e3:~~r<200&&(r=200),s.height=r):"link"===t.message&&(r=new URL(s.getAttribute("src")),n=new URL(t.value),c.test(n.protocol))&&n.host===r.host&&l.activeElement===s&&(d.top.location.href=t.value))}},d.addEventListener("message",d.wp.receiveEmbedMessage,!1),l.addEventListener("DOMContentLoaded",function(){for(var e,t,s=l.querySelectorAll("iframe.wp-embedded-content"),r=0;r<s.length;r++)(t=(e=s[r]).getAttribute("data-secret"))||(t=Math.random().toString(36).substring(2,12),e.src+="#?secret="+t,e.setAttribute("data-secret",t)),e.contentWindow.postMessage({message:"ready",secret:t},"*")},!1)))}(window,document);
/* ]]> */
</script>

Rund 20 Jugendliche aus Männedorf machten sich am Freitag, den 29. Mai 2015 an der Guerilla-Aktion „Jungsichtbar“ am Bahnhof Männedorf sichtbar und trotzten damit dem gängigen Bild der heutigen Jugend.Die Jugendlichen, im Alter zwischen 12 und 20 Jahren, organisierten sich in Projektgruppen und koordinierten mit Hilfe der Jugendarbeit Männedorf die einzelnen Aktionen. Zu den Angeboten [&hellip;]
